ors of (-9)/(27/21) + 417.
2, 5, 41
Suppose -3*y + 10*y = 28. Suppose -12*x - y*x = -2528. What are the prime factors of x?
2, 79
Let k be (8 - 8) + (-1 - -6). Suppose -2*w + 13 - k = 0. What are the prime factors of (w/(-1))/(3/(-6))?
2
Let h(p) = p**2 - p - 7. Let c be h(-3). Suppose 2*u - 4*l = 208, c*u - 299 = -2*l + 221. List the prime factors of u.
2, 13
Suppose -3*d = -23 + 8. Suppose d*z - 16 = z. Suppose g + z*g - 145 = 0. What are the prime factors of g?
29
Suppose 2*z = 3*u + 589, -z = -0*z + 3*u - 281. What are the prime factors of z?
2, 5, 29
List the prime factors of ((-183)/122)/(6/(-160) - 0).
2, 5
Let k = 1891 - 1171. What are the prime factors of k?
2, 3, 5
Let i(y) = 6*y**2 - 3*y + 115. What are the prime factors of i(8)?
5, 19
Let u(h) = 159*h**2 + h + 3. Let w(b) = 636*b**2 + 5*b + 13. Let s(r) = 9*u(r) - 2*w(r). What are the prime factors of s(-1)?
7, 23
Suppose g + 63 = 267. Let l = g + -120. Suppose l = 2*o + 2*o. What are the prime factors of o?
3, 7
Let a be -3 - ((-2)/2 + 2). Let n = 3 + a. Let r = 14 + n. What are the prime factors of r?
13
Let i(p) = -187*p + 19. What are the prime factors of i(-1)?
2, 103
Let q be 6 - 9 - -3 - 2. Let y = 30 + -16. Let n = y + q. List the prime factors of n.
2, 3
Suppose -5*s - 78 = s. Let n(y) = -2*y + 48. List the prime factors of n(s).
2, 37
Suppose -583 = -9*b + 3827. List the prime factors of b.
2, 5, 7
List the prime factors of 2062*(3 + -3 + 2).
2, 1031
Let n(l) = 36*l**2 - 11*l + 23. List the prime factors of n(5).
2, 7, 31
Suppose -u - 3 = -8. Suppose -38 = -u*s + 3*d, -3*s - 2*d + 42 = d. Let c = s - -11. What are the prime factors of c?
3, 7
Let u(n) = 5*n**3 + 2*n**2 - 4*n - 4. Let j be u(5). List the prime factors of (-12)/9 + j/9.
71
Let u be (3 + (-1 - 2))/(-1). Suppose -33 = -2*l - v, -4*l = 5*v - u*v - 57. What are the prime factors of (-4)/l + (-235)/(-45)?
5
Suppose 5*u = 14*u - 1089. Let j = u + -13. What are the prime factors of j?
2, 3
Let p(c) = 30*c - 1. Let m(n) = 15*n. Let z(f) = -7*m(f) + 4*p(f). What are the prime factors of z(6)?
2, 43
Suppose -12*d + 44 = 260. Suppose -29 = 2*j + 4*b - 5, -5*j = -2*b + 12. What are the prime factors of j/d + 241/9?
3
Suppose -232 = -3*r + 209. List the prime factors of r.
3, 7
Let j be (4/10)/(4/(-20)). Let m be 1 - (6/(-3) + j). Suppose 3*g + 0*o - 186 = 5*o, m*o = 2*g - 124. List the prime factors of g.
2, 31
Let j(f) = -f**3 - 4*f**2 + 7*f + 5. Let r be j(-4). Let h = -39 - r. Let d = h + 18. What are the prime factors of d?
2
Suppose -320*z + 292*z = -133672. List the prime factors of z.
2, 7, 11, 31
Let q(r) = -80*r. Let m be q(1). Let z(t) = -2*t - 15. Let j be z(9). Let g = j - m. List the prime factors of g.
47
Suppose 2*o + o - 15 = 0. Suppose -o*r = 10, r + r + 14 = 5*x. Suppose -2*t + 3*j = -8, -x*j - 4 = -t - 4*j. What are the prime factors of t?
2
Let c = -7727 + 11179. List the prime factors of c.
2, 863
Let z(p) = 22*p - 1. Let k(x) be the third derivative of -x**6/120 + x**5/20 - x**4/24 - x**3/6 - x**2. Let i be k(2). List the prime factors of z(i).
3, 7
Let i(u) = 2*u + 2. Let a be i(-1). Let s(h) = -h**3 + h**2 + h + 29. What are the prime factors of s(a)?
29
Suppose -2*x + 8*u - 3*u + 938 = 0, 0 = u - 2. List the prime factors of x.
2, 3, 79
Suppose 3*d - 3 = 3. Suppose a + 4*b = -10, 5*b + 5 = -4*a - d. Suppose -i + a*i - 26 = 0. List the prime factors of i.
2, 13
Suppose -5*o = 4*j - 20, 5*o + 69 = 2*j + 29. What are the prime factors of ((-120)/9)/j*330/(-4)?
2, 5, 11
Let y(z) be the third derivative of z**6/120 - 13*z**5/60 + z**4/12 + 11*z**3/6 - 15*z**2. What are the prime factors of y(13)?
37
Let i(g) = 2*g**2 - 19*g. Suppose 4*n - 3*c - 47 = 0, 2*n + 3*c = -2*n + 41. List the prime factors of i(n).
3, 11
Suppose 157*p - 25422 = 138*p. List the prime factors of p.
2, 3, 223
Suppose -30*f = -14*f - 6784. List the prime factors of f.
2, 53
Let j(h) = h + 4. Let z(d) = -d - 4. Let p(c) = -6*j(c) - 7*z(c). Let u(f) = -f**2 - 2*f - 1. Let n be u(-1). What are the prime factors of p(n)?
2
Suppose 3*y - 4*x = -751 + 6064, 3*y = -x + 5328. List the prime factors of y.
5, 71
Let t(l) = 3*l**3 + 2*l**2 - 2*l + 19. What are the prime factors of t(4)?
5, 47
Suppose -73*n + 22*n + 131529 = 0. List the prime factors of n.
2579
Suppose 5*g = 38*n - 41*n + 14685, g + 2*n - 2944 = 0. List the prime factors of g.
2, 3, 163
Let a(l) be the first derivative of l**2/2 + 26*l + 33. Let g = -2 + 2. What are the prime factors of a(g)?
2, 13
Suppose 11*g - 21530 = -6768. List the prime factors of g.
2, 11, 61
Let q be (-7)/2*8/(-7). Suppose -40 = -q*m + 4*k, 2*m = -4*k + 6 + 26. Suppose l - m - 15 = 0. What are the prime factors of l?
3
Let z(s) = 11*s**3 - 36*s**2 - 16*s - 51. Let i(q) = -7*q**3 + 24*q**2 + 10*q + 34. Let h(f) = 8*i(f) + 5*z(f). List the prime factors of h(10).
7, 31
Suppose 4*m = 3*y + 1114, -m + 117 = -5*y - 170. List the prime factors of m.
277
Suppose 0 = -4*s + 19*i - 15*i + 520, 0 = 3*s - 2*i - 390. List the prime factors of s.
2, 5, 13
Suppose 0 = -16*r + 44523 - 6843. What are the prime factors of r?
3, 5, 157
Let s(k) = 1850*k + 73. List the prime factors of s(1).
3, 641
Suppose -4*j + r = -3 + 2, -3*j + 5 = -5*r. Let v(p) = -3*p + 2. List the prime factors of v(j).
2
Let b(p) = -p - 4. Let s be b(-10). Suppose -2*q + 4 = -j - s, 5 = 2*j + q. Suppose -3*t + 18 = 6, 2*g - t - 84 = j. List the prime factors of g.
2, 11
Let c = -109 - -112. Suppose -340 = -c*n - 97. What are the prime factors of n?
3
Let p = -6 - -2. Let x = 2 + p. What are the prime factors of (-75)/(-12)*(6 + x)?
5
Let n(x) = -4*x + 33. Let q(c) = 7*c - 67. Let p(y) = -5*n(y) - 3*q(y). Let r be p(0). Suppose w = -w + r. What are the prime factors of w?
2, 3
What are the prime factors of (84780/324)/((-1)/(-9))?
3, 5, 157
Let h(q) = q**3 + 8*q**2 - 5*q - 10. Let a be h(-8). Suppose -6*d + a = -4*d. What are the prime factors of d?
3, 5
Suppose -31*y + 8184 = -7*y. What are the prime factors of y?
11, 31
Let y(q) = 3*q**2 - 4*q - 1. Let a be y(3). What are the prime factors of -14 + a + (0 + 1 - -34)?
5, 7
Let l(n) = 3*n - 16. Let g be l(7). List the prime factors of (-3 + -2)/(g/(-95)).
5, 19
Suppose -4*m = 4*i - 892, 3*i + 4*m - 865 = -198. What are the prime factors of (-4)/16 - i/(-20)?
11
Let n(v) = -v**3 + 9*v**2 + 11*v - 11. Let w be n(10). Let p be ((-5)/(15/9))/w. Suppose 0 + 51 = p*k. What are the prime factors of k?
17
Let k(s) = s**3 + 10*s**2 - 40*s - 23. What are the prime factors of k(8)?
809
Suppose 701 + 139 = 4*p. Suppose -2*a = -5*w - 0*a + p, -w + 15 = 5*a. List the prime factors of w.
2, 5
Let c = 681 + -344. What are the prime factors of c?
337
Let n(q) = -198*q + 131. What are the prime factors of n(-5)?
19, 59
Suppose -116 = 8*k - 10*k. What are the prime factors of k?
2, 29
Suppose -3*r + 6*r - 19659 = 0. What are the prime factors of r?
6553
Suppose -4*z = 20, j + z + 8 = 3. Suppose -d + 2 + 165 = j. Suppose -3*o - 5 = -4*o, -3*w - 4*o = -d. What are the prime factors of w?
7
Let d(o) = -o + 60. Let t be d(-4). Let r = -15 - -147. Let n = r - t. List the prime factors of n.
2, 17
Let s = 2624 - -1968. What are the prime factors of s?
2, 7, 41
Let b(l) = 25*l + 4. Suppose 0 = 4*s - 5*g - 21, 3*g = -4*s - 8 + 21. What are the prime factors of b(s)?
2, 13
Let l(h) = -h**2 + 8*h + 1. Let p = 13 - 7. Let r be l(p). Suppose 3 = -5*z + r. What are the prime factors of z?
2
Let l(r) = -r**3 - 6*r**2 + 7*r + 2. Let q be -9 + (8/(-4) - -4). Let t be l(q). What are the prime factors of (5/t)/((-1)/(-2))?
5
Suppose 2*w - 256 = w. Let x = -47 - -51. Suppose 20 = x*s - w. List the prime factors of s.
3, 23
Let c(k) be the third derivative of -73*k**6/60 - k**5/60 + k**4/24 + k**3/6 + 8*k**2. List the prime factors of c(-1).
5, 29
Let y be -5*((-16)/(-10))/(-1). Suppose -4*m - y = -632. Let w = -94 + m. List the prime factors of w.
2, 31
Suppose -3*m = -3*k + 1068, -7*k + 2*k = -2*m - 1777. What are the prime factors of k?
5, 71
List the prime factors of (-57384)/(-88) - 1/11.
2, 163
Let g(d) = -d**2 + 5*d + 3. Let h(c) = c**2 - 4*c - 2. Let o(a) = 3*g(a) + 4*h(a). List the prime factors of o(-5).
31
Let g(b) = -3*b + 1. Let z(d) = 4*d. Let c(t) = -6*g(t) - 5*z(t). Let n be c(-7). Suppose n = 3*f - 55. List the